4 + (22 - (-2 - (-11 + (4 - 1))))
20
12 - (-6 + -1 + 20 + -8)
7
Calculate 5 - (-1 - (11 - 5 - (2 + 26))).
-16
What is -23 + 2 - ((-19 - -14) + 12)?
-28
Evaluate -6 + (-5 - -2) + (35 - 29) + 28.
25
What is the value of 1 + 3 + 42 + -68 - -9?
-13
What is the value of -3 + ((5 + -3 - -1) + -2 - 8)?
-10
What is the value of 3 + 9 + -5 + -11 + -3?
-7
What is the value of 10 - (5 - (-3 - 4) - 8)?
6
Calculate (-3 - (2 - 6)) + 7 + -5.
3
Calculate 1 - ((15 - 22) + 6).
2
Evaluate -5 - (2 - 0) - (5 + -4).
-8
Calculate (-27 - (16 + -45)) + -7.
-5
-2 + (2 + -20 - -14)
-6
58 - (-9 + 32) - 30
5
What is (-1 - -10) + -18 + -8?
-17
Evaluate (-33 - 20 - -24) + 16.
-13
Calculate -1 + -9 - (5 - 7) - 0.
-8
Calculate -6 - -26 - 21 - (-8 - -1).
6
Calculate (-8 - -10) + 7 - (5 + 0).
4
What is the value of -8 + (-4 + (0 - -13) - 3)?
-2
What is 0 - -9 - (50 + -21 + -41)?
21
What is the value of (1 - -7) + 3105 + -3141?
-28
Evaluate (-3 + 14 - 2) + 1 + -7.
3
Calculate -4 + (2 + -7 + -1 - (-2 - 1)).
-7
What is -11 + 1 + (-16 - 2) + 44?
16
What is 4 - (0 + (1 - 8) - -7) - -4?
8
What is -39 - (-3 - (14 - -26))?
4
Calculate (-2 - -3) + 8 + -17 - (-21 + 2).
11
What is -4 + 4 + (0 - 5) + -29 + 33?
-1
Calculate 3 + -5 + 31 - 19.
10
What is -17 - (-16 - (6 + -7 + -6))?
-8
(-33 - (-26 + -1)) + -19
-25
Calculate (-14 - -15) + 1 + -9 - 1.
-8
Evaluate (0 - 10) + -4 + (-15 - (14 + -30)).
-13
What is the value of -390 + 418 + (-15 - 3)?
10
What is the value of (-1 - -7) + (1 - (-6 + 6) - 8)?
-1
What is (1023 - 981) + -37 + 0?
5
(-16 - (-36 - -29 - (0 + -1))) + -8
-18
What is (5 + 0 - -8) + 7 + (0 - 5)?
15
Evaluate 73 + -97 - (-23 + 9).
-10
Calculate 14 + 2 - (-7 + 2) - 7 - 11.
3
4 + (0 - (-2 + 0)) + 19 + -37
-12
What is the value of (-144 - -228) + -2 + -46?
36
Calculate -31 + 9 + -2 + 9 - -25.
10
-22 - (-12 - -24 - 27)
-7
(15 - (13 + -16)) + 9 - -7
34
Calculate (12 - 21) + 27 + -28.
-10
Calculate (22 - -1) + (-455 - -449).
17
Evaluate -84 + 83 + (-5 - (-3 - -7 - 35)).
25
What is the value of -36 + 32 + -1 + 3 + 19?
17
Calculate -21 + -23 + -26 + 38.
-32
What is 1 - ((4 - -5) + (-1 - 9) + 26)?
-24
What is 3 + -3 + -3 - (0 - 3 - 1)?
1
Calculate (-7 - 1) + 0 - (-7 + -6 + 16).
-11
(-6 - -6 - -3) + (-1 - -3) + -4
1
Evaluate 1 + 2 + 2 + (8 - -35 - 57).
-9
Calculate 0 + 7 + (111 - 113) + -35 + 1.
-29
9 - -3 - 13 - -16
15
Calculate 11 + -12 + 2 + 6.
7
What is 9 - (1 - -1 - (-25 + 14 - -26))?
22
Calculate 2 - -1 - 24 - (-19 - -24).
-26
Evaluate -8 - (-26 + (3 - -3)).
12
Calculate (4 - (-12 - -15)) + 1.
2
What is the value of (6 - 24) + -6 + 14?
-10
6 - 10 - -21 - (2 - (-3 - 0))
12
What is 0 + 28 - (14 - -3 - 10)?
21
Evaluate 36 - (-12 + (8 - -18)).
22
What is (0 - 5) + 328 + -326 + (22 - 0)?
19
Calculate -4 - -6 - (-1 - 6) - 0.
9
Calculate 2 - 3 - 14 - -4.
-11
(-7 + 10 + -4 - 12) + 17
4
3 + 10 + (-10 + (23 - 10) - 4)
12
What is -1 - ((9 - (-9 + 9)) + -18)?
8
What is the value of 3 - (38 + -19 + -18)?
2
11 + 0 - -1 - (17 + -14 + 1)
8
Calculate -7 + -1 - (12 + -22).
2
What is 15 + -1 + 92 + -107?
-1
Calculate -5 - (6 - ((21 - -1) + -1 + 2)).
12
Evaluate 1 + -12 + (-3 - (3 + -2 - 4)).
-11
-1 + 4 + (11 - (34 - 23))
3
What is -17 - (51 + -34 - 56)?
22
Calculate 4 - (-44 - -68 - 43).
23
Calculate (-2 - -13) + -5 - 8 - (10 - 11).
-1
Calculate 42 + -39 + 25 - 39.
-11
-4 + (-17 - (-4 + -4))
-13
4 - ((-10 - (11 + -25)) + 7 - 3)
-4
Evaluate -5 + (31 - (-14 + 29)).
11
-7 + 9 + (9 - 7)
4
Evaluate -1 + 19 - (-49 - -22 - -61).
-16
Evaluate 18 - (-5 - (-3 - 22)).
-2
What is -1 + (8 - (9 + -18))?
16
What is -9 - (-13 + 15 + -29)?
18
16 + (-5 - (24 + -20))
7
What is 22 - (1 - (11 + 4 + (-15 - -5)))?
26
Calculate (-2 - -4 - -2) + 4 - (-7 - 2).
17
(-22 - -2 - -47) + -62
-35
What is the value of -123 + 119 - (15 + 7 + 2)?
-28
Evaluate (5 - (7 + -5)) + 3 + (8 - 24).
-10
What is the value of (5 + (2 - 9) - -3) + -9 + 4?
-4
Evaluate -1 + 9 - (9 - 7 - -2).
4
-17 + -20 - (-2 + -15) - (0 + 10)
-30
Calculate 0 + -6 + (2 - 2) + 4 + -6.
-8
What is 7 + -5 + 1 - -3 - -8?
14
Calculate (7 - (-8 + 10)) + 5 + (-12 - -4).
2
-58 - -71 - (24 + 0)
-11
-40 - (-9 + 0) - -24
-7
Evaluate 41 + -32 + 4 + (1 - -8).
22
Calculate 5 - 16 - (0 - -5 - (-19 + 24)).
-11
(106 - 112) + (0 - 12)
-18
1 - ((6 - 13) + (17 - 2))
-7
What is the value of 8 + -5 - (12 + -2) - (-74 - -66)?
1
Calculate -2 + -5 - (-98 + 93).
-2
48 - (35 + 0 - 4)
17
What is -1 + 9 - (-22 - -37) - 0?
-7
Calculate 0 + -7 + -28 + 7 + 36.
8
Calculate (0 - (-31 + 31)) + -12.
-12
What is 42 + (-48 + 26 - -5)?
25
What is -23 + -1 + (61 - 52)?
-15
9 + -11 + -13 + (-3 + 7 - 0)
-11
Calculate 56 + -60 + 24 + -35.
-15
Evaluate -3 - (5 - 1 - (4 + -7)).
-10
Evaluate -3 - (-7 + -24) - 46.
-18
What is the value of -40 - (18 + -46) - (8 + -1 + 0)?
-19
What is the value of 2 - ((-6 - (-6 + -3)) + 6 - 15)?
8
Evaluate -2 + 3 + (-3 - -5) + -8.
-5
What is -3 - 2 - (7 + -7) - (0 + 5)?
-10
What is the value of 0 + 4 + (1 + 31 - (-351 + 367))?
20
What is -6 + 8 + -5 - -9 - (7 + -3)?
2
What is the value of -11 + 8 + 1 + 3 + 12?
13
What is 4 + (6 - 33) - (6 + 3)?
-32
(-5 - (-6 + 3)) + -6 + (-14 - -11)
-11
Evaluate (2 - -5 - 5) + 6 + -11.
-3
5 - (18 + -21 + 10 + 9)
-11
What is 40 + (-2 + -15 + 1 - -8)?
32
Calculate 3 - (-5 + 5) - (20 + (-12 - 1)).
-4
Calculate (2 + 1 - -4 - 12) + 8 + 1.
4
-7 - (-6 + (-1 + (9 - 3) - -1))
-7
Evaluate (24 - 6 - 14) + (-1 - (5 - 1)).
-1
(8 - 9) + -28 + 5
-24
Calculate 118 + -112 - (1 + 0).
5
Evaluate 8 + -23 - -25 - (-14 - -7) - 0.
17
What is the value of 0 + -45 - 1 - (-140 - -131)?
-37
What is the value of -4 - (3 + -2 + 6)?
-11
Evaluate 19 + -20 + 16 + (-4 - (-3 - -1)).
13
Evaluate -52 + 51 + -7 + -2 + 2.
-8
Calculate 9 + (7 + 0 + -69 + 67 - 5).
9
What is -5 + 1 - (-5 - (-24 + 13))?
-10
Calculate (-30 - -48 - 11) + -2 + 12.
17
What is the value of 2 + 3 + -2 + 4 + 151 + -180?
-22
Evaluate 10 + (-19 + 14 - -4) + 29 + -4.
34
What is 5 + 10 + -8 - (-4 + -2)?
13
11 + (20 - -1 - 22) + (-46 - 0)
-36
What is the value of 7 + 39 + -24 + -19?
3
9 + -26 + 6 + -18
-29
Evaluate 6 + (1 - (4 + 4)) + -8.
-9
Evaluate -14 - (6 + -35 + 10).
5
What is 0 + 4 + 2 + 1?
7
Calculate -36 - (-77 + (41 - 10)).
10
What is -1 - 12 - -10 - -14?
11
-23 - (33 - 61 - 2)
7
Evaluate -9 - (-1 - 5) - (-2 + -6).
5
Evaluate -103 + 103 + (-3 - (-13 + 3) - -1).
8
Evaluate 15 - (36 - (-18 + 1)).
-38
What is 9 + (-4 - 3) + (-4 + 7 - 1)?
4
Calculate (-2503 - -2525) + 0 + 1.
23
What is the value of -3 + -17 + (10 - (-1 - -9)) + 0?
-18
0 - (7 + (0 - 4) + -4 + 0)
1
What is the value of 4 + -9 + -26 + 9 + 5 - 7?
-24
Calculate -10 + 0 - (-99 + 105).
-16
What is the value of -7 - (0 + -14 - (-8 + 0))?
-1
Evaluate -56 + 99 + -36 - (1 + -5).
11
Calculate -2 - 0 - -8 - (-2 + -9).
17
Calculate -28 - (16 + -22 + -10).
-12
What is (-68 + 60 - (-1 - 6)) + -8 - 7?
-16
What is the value of (-15 - -2 - -39) + -14 + 2?
14
Calculate -21 - -23 - (7 + -7 - 5).
7
(1 - 1 - (-36 - -42)) + -3 + -2
-11
(2 - 4) + 3 + (-37 - -14) + 36
14
0 + (-36 - (-1 + -8 + -1 + 4))
-30
Evaluate 16 + 1 + 2 + -1 + -7.
11
Calculate -22 + (-6 - (-17 - 5)) + 10 + -1.
3
-4 - (6 - (18 + -5 + 5 + -6))
2
Calculate 13 + 1 - (-81 - -83).
12
What is the value of -9 + (-7 - 3) + (-16 + 8 - 1)?
-28
Calculate 9 - (-2 + 6) - -1 - 27.
-21
What is -1 + ((3 - 0) + 14 + -28 - -8)?
-4
Calculate -2 + 9 + (-4 - 4 - (28 + -16)).
-13
Calculate 30 + -2 + (-519 - -509).
18
-707 + 714 + (1 - 15)
-7
What is the value of -1 + -12 - -14 - 16?
-15
Calculate (19 - (1 + -1)) + (92 - 111).
0
Evaluate 20 + (-2 + (-1 - -1) - (-34 + 35)).
17
What is the value of 1 + 3 - 3 - (-18 + 19)?
0
Calculate 4 - (-24 - 17) - 20.
25
Evaluate 6 - (26 - -1) - 2.
-23
Calculate (-2 - (0 - (-5 + 2)) - -8) + -11.
-8
What is -36 - (-24 + 10 + (-10 - -11))?
-23
Evaluate -4 + -9 + (7 + -3 - -2 - 17).
-24
Calculate (7 - -2) + -4 + (4 - (11 - 9)).
7
What is the value of -23 - -15 - (-4 - 5) - (14 + -1)?
-12
Calculate (17 - 14) + 11 + -25.
-11
Evaluate (3 - 0) + (11 - 6 - 20).
-12
25 + -1 - (-58 + 91)
-9
-13 - -2 - (-64 - -64)
-11
8 - -5 - 3 - (3 - 0)
7
What is the value of 1 - (-3 + -2) - (0 + -3 + 6)?
3
-6 - -9 - (1 - -2) - (-41 + 56)
-15
Calculate (-19 - -34) + (4 - (-1 - 0 - 5)).
25
What is the value of (0 - -4) + 2 - (-43 + 45)?
4
Calculate -1158 + 1149 - (5 - (0 + (-1 - -2))).
-13
Evaluate (30 + (-5 - 28